60 is divided by (-2)/(-12) - (-1140)/72?
12
Suppose x - 4 = -3*b, 2*x = -2*x - 5*b + 37. Let h be (-60)/27 - 6/(-27). Let k(u) = -5*u**3 - 2*u**2 - 3*u. Calculate the remainder when k(h) is divided by x.
12
Suppose -9 = 3*f - 3. Let a be 3 + f + 9/3. Suppose 0 = -a*c - w + 20, 9 + 11 = 2*c + 3*w. What is the remainder when 9 is divided by c?
1
Suppose 0*m = -m, -5*m = 2*f + 648. What is the remainder when 45 is divided by (4/(-6))/(9/f)?
21
Let l(f) be the third derivative of 4*f**2 + 0 + 0*f + 5/12*f**4 + 1/2*f**3. Calculate the remainder when l(3) is divided by 9.
6
Let j(m) = -3*m + 1. What is the remainder when (17/2)/(2/12) is divided by j(-4)?
12
Suppose -3*n + x = -67, -5*n = -3*n - 4*x - 48. Calculate the remainder when 349 is divided by n.
19
Let s = -25 + 27. Suppose -2*y = y. Suppose y = s*a + 6, 8*a = b + 3*a - 33. Calculate the remainder when 33 is divided by b.
15
Suppose 2*o + 72 = 2*k, 4*k + 2*o - 37 = 113. What is the remainder when 108 is divided by k?
34
Let u = 23 + -10. Suppose 2*w = -5*f + 72, 3*w + 0*f - 3*f - 108 = 0. Calculate the remainder when w is divided by u.
10
Let f = 7 + -5. Suppose 7*z - f*c + 26 = 3*z, -4*z + 4*c = 20. Let r = 13 + z. Calculate the remainder when 19 is divided by r.
4
Suppose 0 = b + b - 3*s + 4, 4*s = b + 12. What is the remainder when 9 is divided by b?
1
Let g(x) = -x**3 - 3*x**2 + 6*x + 9. Calculate the remainder when 12 is divided by g(-4).
0
Let c(r) be the second derivative of -r**4/12 + r**2/2 + r. Let x be c(-3). What is the remainder when (x/6)/((-2)/24) is divided by 9?
7
Suppose 7*n = 2*n + 3*f + 225, n - 32 = -2*f. What is the remainder when n is divided by 15?
12
Let m = -18 - -46. Calculate the remainder when (-1233)/(-15) + (-3)/15 is divided by m.
26
Suppose -c = c - 4, -4*m = -c - 362. What is the remainder when m is divided by 19?
15
Let b(f) = 2 + 3 - 6*f - 5. Let q be b(4). What is the remainder when 14 is divided by 19/4 - 6/q?
4
Suppose 49 = -0*y - y. Let a = y + 88. Calculate the remainder when a is divided by 14.
11
Let p(l) = 32*l**3 + 2*l**2 - 4 + 2*l + 0 + 5. Let h be p(-1). Let a = -3 - h. What is the remainder when a is divided by 15?
13
Calculate the remainder when 67 + (-1)/((-4)/12) is divided by 18.
16
Suppose -433 + 55 = -7*m. Calculate the remainder when m is divided by 1 - (-19 + 2/2).
16
Suppose -25 = -y - 21. What is the remainder when (-1)/(-8)*6*24 is divided by y?
2
Let v be 1/(-1) + -2 - -17. Let q = -9 + v. Calculate the remainder when q is divided by 3.
2
Suppose 3 = 2*o + 7. Let u be (o/(-4))/(4/16). Calculate the remainder when 13 is divided by 6 - 2/(u + -4).
6
Let u(r) = -2*r**2 + 7*r + 1. Let q(v) = v**2 - v. Let n(c) = 3*q(c) + u(c). What is the remainder when (0 + -1)/((-4)/8) is divided by n(-4)?
0
Let r = 18 - 10. Suppose 4*f = -4*j + 11 + 9, -4*j = -5*f - 20. Let p = -2 + j. Calculate the remainder when r is divided by p.
2
Suppose 0 = -3*y - q + 57, q = 5*y - 103 + 16. Suppose 2*a - 2 = y. Suppose -5*j + a*j = -5, -2*v = 3*j - 23. Calculate the remainder when 38 is divided by v.
12
Suppose -2*m = -7*m + 3*w + 71, -5*m = w - 63. What is the remainder when 50 is divided by m?
11
Suppose 0 = -3*d + 5*h + 74, -2*d = -2*h - h - 48. Suppose -f + 1 = -d. Calculate the remainder when f is divided by (1 + 1/(-2))*14.
5
Let i(s) = s + 10. Let q(p) = p - 1. Let d be q(3). What is the remainder when i(0) is divided by 2 - 3*d/(-3)?
2
Let d = 35 + 16. What is the remainder when d is divided by 18?
15
Let i(n) = 2 + 4 - 7*n + n + 0. What is the remainder when i(-5) is divided by 13?
10
Suppose 4 = a - 3*a. Let x = a - -7. Let u = 86 - 72. Calculate the remainder when u is divided by x.
4
Suppose -30 = -3*c - 3*c. What is the remainder when 33 is divided by c?
3
Let l(m) = -m + 3. Let g be l(-3). Let d(c) = c**3 - 6*c**2 + c - 7. Let v be d(g). What is the remainder when 3/(-3) + v + 28 is divided by 14?
12
Suppose 2*n = 6*n + 2*p - 396, 2*p = -n + 102. What is the remainder when n is divided by 25?
23
Suppose 5*v = v + 16. Suppose -2*a + 106 = 5*t, -3*a - 71 = -v*t - 0*t. Calculate the remainder when 39 is divided by t.
19
Let t = 12 - 9. Calculate the remainder when 7 is divided by t.
1
Let b = -4 + 8. Suppose 0 = v + 3*w - 5*w - 21, 3*v = b*w + 53. What is the remainder when v is divided by 6?
5
Let g = -92 - -171. Calculate the remainder when g is divided by 41.
38
Let s = 4 + 5. Suppose -4*l - 34 = -6*l. Calculate the remainder when l is divided by s.
8
Let q = 6 + 5. Suppose 5*m + 1 = q, 55 = 3*d - 4*m. Calculate the remainder when 61 - 2 - (-2 - 0) is divided by d.
19
What is the remainder when (21 - -3)/(2 - 1) is divided by 10?
4
Let y(c) = c**3 + 3*c**2 - 5*c - 2. Let o be ((-2)/5)/((-2)/(-20)). Calculate the remainder when 4 is divided by y(o).
0
Suppose 0 = d - 3 - 3. Suppose 17 = 5*v - 3. Let z = d + v. What is the remainder when 18 is divided by z?
8
Let n(h) = -h**3 + 3*h - 4. Calculate the remainder when 54 is divided by n(-3).
12
Let a(r) = r**2 - 7*r + 12. What is the remainder when 25*1 + 24/(-8) is divided by a(6)?
4
Suppose 3*d - 86 - 34 = -3*p, 4*p = -d + 160. What is the remainder when p is divided by 15?
10
What is the remainder when (-2)/(0 + -2) - -18 is divided by 11?
8
Suppose 0 = -5*l - 0*i - 3*i + 125, 0 = 3*i. What is the remainder when l is divided by 54/4 + 4/(-8)?
12
Calculate the remainder when 33 is divided by 24 - (2 - 6/(-3)).
13
Suppose 0 = 2*z + 2, 5*s - 4*z = 2*s + 25. Let x(l) = -5*l**2 - 7*l**3 + 8*l**3 + 4 + l + 3*l. What is the remainder when s is divided by x(4)?
3
Let c = -13 + 17. Calculate the remainder when 11 is divided by c.
3
Suppose -2*g = -7 - 3. Let x(k) = 0 + 14*k - 4 + 1. Calculate the remainder when x(g) is divided by 23.
21
Suppose 2*h - 10 = -5*c + 6, -5*h = c - 40. Calculate the remainder when 30 is divided by h.
6
Let z = 0 + 6. Calculate the remainder when 10 is divided by z.
4
Let t = 0 + 2. Let c be 2 - -2 - (t + 0). What is the remainder when c*(9/6 + 2) is divided by 3?
1
Suppose -5*i + 149 = 4*u, -5*i + 4*u = 2*u - 173. Calculate the remainder when i is divided by 20.
13
Let r = -1 - -16. What is the remainder when r is divided by 4?
3
Calculate the remainder when 150 is divided by ((-8)/6)/(12/(-342)).
36
Suppose -6*x = -x - 45. Calculate the remainder when 35 is divided by x.
8
Let h(w) = -w**2 - 3*w + 4. Let p be h(-4). Suppose p = o + 4*i - 34, -5*o + 4*i + 17 + 57 = 0. Calculate the remainder when 33 is divided by o.
15
Let d(t) = 17*t**2 + 16*t + 45. Let m(g) = 11*g**2 + 11*g + 30. Let q(j) = -5*d(j) + 8*m(j). Calculate the remainder when q(-6) is divided by 19.
18
Let c = -107 - -186. What is the remainder when c is divided by 27?
25
Suppose 0*x = 4*x - 40. Calculate the remainder when 74/4 + 2/(-4) is divided by x.
8
Suppose 2*f = 7 + 5. Let a = -7 + 28. What is the remainder when a is divided by f?
3
Suppose 0*n = -3*n - 6. Calculate the remainder when (-93)/6*(n + 0) is divided by 8.
7
Suppose -101 + 301 = 5*m. Calculate the remainder when m is divided by 7.
5
Let l = -32 + 4. Let p = l - -31. Calculate the remainder when -1 - (-6 - (0 + -1)) is divided by p.
1
Let z(w) = w**2 + 1. Let g = -35 + 29. Let k = 8 + g. Calculate the remainder when k is divided by z(0).
0
Let j(o) = -2*o - 6. Let t be j(8). Let d = 38 + t. Suppose 2*h - d = 3*n, -12 = 3*h - h + 4*n. What is the remainder when 3 is divided by h?
1
Suppose -2*z = -n + z + 27, -2*n + 34 = -z. Let a(u) = 2*u**2 + 15*u + 35. Calculate the remainder when a(-7) is divided by n.
13
Let d(o) = -o**2 + 6*o + 3. Let b = -4 - -8. Suppose -2*c = -0 + 6, -46 = -i + b*c. What is the remainder when i is divided by d(3)?
10
Suppose -2*x + 9 = -s, 4*x - 5*s - 27 + 0 = 0. Suppose -x*l = -l - 134. Calculate the remainder when l is divided by 17.
16
Let y = 33 - 24. Calculate the remainder when y is divided by 3.
0
Let x = 287 - 280. Let m(y) = y + 1. Let v be m(-3). What is the remainder when 0 + (v - (-13 - 0)) is divided by x?
4
Let x(j) = -j + 7. Let h = 7 - 12. Suppose u = 6*u - 110. What is the remainder when u is divided by x(h)?
10
Calculate the remainder when 207/4 + 46/(-8) + 6 is divided by 23 + 3 + 0 + 1.
25
Let v = -3 + 5. Suppose -v = 2*d, 6*n - 18 = 5*n + 4*d. Let r(i) = 2*i**2 - 7*i + 5. Calculate the remainder w